{"id":57,"date":"2024-11-26T11:38:55","date_gmt":"2024-11-26T11:38:55","guid":{"rendered":"https:\/\/www.psimarcooliveira.com\/?page_id=57"},"modified":"2025-06-16T11:11:24","modified_gmt":"2025-06-16T11:11:24","slug":"perguntas-frequentes","status":"publish","type":"page","link":"https:\/\/www.psimarcooliveira.com\/?page_id=57","title":{"rendered":"Perguntas frequentes"},"content":{"rendered":"\n<h2 class=\"wp-block-heading\"><strong>Como marcar uma consulta?&nbsp;<\/strong><\/h2>\n\n\n\n<p class=\"has-medium-font-size\">A melhor forma de marcar uma consulta \u00e9 preencher o formul\u00e1rio e <a href=\"https:\/\/www.psimarcooliveira.com\/?page_id=56\">marcar um primeiro contacto<\/a> ou pode enviar-me um e-mail (<a href=\"mailto:geral@psimarcooliveria.com\">geral@psimarcooliveria.com<\/a>). Sinta-se \u00e0 vontade para perguntar qualquer quest\u00e3o sobre a minha pr\u00e1tica. Lembre-se que se n\u00e3o obtiver uma resposta clara nesta fase cabe a mim, n\u00e3o a voc\u00ea, tornar a resposta clara para ambos.\u00a0<\/p>\n\n\n\n<p><\/p>\n\n\n\n<h2 class=\"wp-block-heading\"><strong>O que acontece ap\u00f3s um primeiro contacto?&nbsp;<\/strong><\/h2>\n\n\n\n<p class=\"has-medium-font-size\">Podemos marcar uma primeira conversa por telefone ou Skype (15-20 minutos) onde pode falar-me um pouco sobre as raz\u00f5es para procurar terapia nesta fase e perguntar-me tirar algumas de suas d\u00favidas. <\/p>\n\n\n\n<p><\/p>\n\n\n\n<h2 class=\"wp-block-heading\"><strong>Como funciona o processo terap\u00eautico?<\/strong><\/h2>\n\n\n\n<p class=\"has-medium-font-size\">O processo come\u00e7a com uma avalia\u00e7\u00e3o inicial para entender as suas necessidades e objetivos. A partir da\u00ed, trabalhamos juntos para identificar padr\u00f5es, desenvolver estrat\u00e9gias e promover mudan\u00e7as significativas, sempre ajustando o ritmo conforme sua evolu\u00e7\u00e3o.<\/p>\n\n\n\n<h2 class=\"wp-block-heading\">\u00a0<strong>Quanto tempo estarei em terapia?\u00a0<\/strong><\/h2>\n\n\n\n<p class=\"has-medium-font-size\">O tempo que estar\u00e1 em terapia \u00e9 uma decis\u00e3o a ser feita por ambos. Os per\u00edodos mais longos que as pessoas tendem a ficar comigo compreendem 1 ou 2 anos. Outras pessoas trabalham comigo por per\u00edodos de tempo mais curtos, por exemplo, 3 ou 6 meses. Tudo depende do que quiser obter deste processo, algo que \u00e9 falado abertamente ao longo dos nossos encontros.\u00a0<\/p>\n\n\n\n<h2 class=\"wp-block-heading\"><strong>Voc\u00ea tem experi\u00eancia com casos como o meu?<\/strong><\/h2>\n\n\n\n<p class=\"has-medium-font-size\">Sim, tenho experi\u00eancia em quest\u00f5es como ansiedade, depress\u00e3o,<a href=\"https:\/\/www.psimarcooliveira.com\/?p=197\"> burnout<\/a>, conflitos interpessoais e adapta\u00e7\u00f5es em fases de mudan\u00e7a. Cada caso \u00e9 \u00fanico, e trabalho de forma personalizada para atender \u00e0s suas necessidades.<\/p>\n\n\n\n<h2 class=\"wp-block-heading\"><strong>Quais s\u00e3o os benef\u00edcios e limita\u00e7\u00f5es da terapia online em compara\u00e7\u00e3o \u00e0 presencial?<\/strong><\/h2>\n\n\n\n<p class=\"has-medium-font-size\">A terapia online oferece flexibilidade, economia de tempo e pode ser feita de qualquer lugar com privacidade. J\u00e1 a terapia presencial proporciona um contato mais direto e envolvente. Ambas s\u00e3o igualmente eficazes, dependendo do seu conforto e disponibilidade.<\/p>\n\n\n\n<h2 class=\"wp-block-heading\"><strong>Qual \u00e9 a sua abordagem terap\u00eautica?<\/strong><\/h2>\n\n\n\n<p class=\"has-medium-font-size\">Acredito em uma abordagem integrativa, combinando diferentes m\u00e9todos terap\u00eauticos com base no que \u00e9 mais adequado para voc\u00ea. O foco est\u00e1 em trabalhar de forma pr\u00e1tica, emp\u00e1tica e objetiva. Minha forma\u00e7\u00e3o de origem est\u00e1 centrada na <a href=\"http:\/\/chrome-extension:\/\/efaidnbmnnnibpcajpcglclefindmkaj\/https:\/\/revistapsique.autonoma.pt\/wp-content\/uploads\/2020\/11\/Abordagem-centrada-na-pessoa_-diretividade-na-perspectiva-do-cliente.pdf\">abordagem centrada na pessoa<\/a> e cognitiva comportamental.<\/p>\n\n\n\n<h2 class=\"wp-block-heading\"><strong>Com que frequ\u00eancia faremos as sess\u00f5es e por quanto tempo?<\/strong><\/h2>\n\n\n\n<p class=\"has-medium-font-size\">Geralmente, as sess\u00f5es acontecem semanalmente e duram 50 minutos. A dura\u00e7\u00e3o total do tratamento depende dos seus objetivos e do progresso alcan\u00e7ado.<\/p>\n\n\n\n<h2 class=\"wp-block-heading\"><strong>A confidencialidade \u00e9 garantida?<\/strong><\/h2>\n\n\n\n<p class=\"has-medium-font-size\">Sim, a confidencialidade \u00e9 absoluta. Todas as informa\u00e7\u00f5es compartilhadas s\u00e3o protegidas por \u00e9tica profissional, e na terapia online, uso plataformas seguras para garantir sua privacidade.<\/p>\n\n\n\n<h2 class=\"wp-block-heading\"><strong>O que \u00e9 esperado de mim como cliente?<\/strong><\/h2>\n\n\n\n<p class=\"has-medium-font-size\">O mais importante \u00e9 estar aberto e comprometido com o processo. Pode haver reflex\u00f5es ou tarefas sugeridas entre as sess\u00f5es, mas sempre no seu ritmo.<\/p>\n\n\n\n<h2 class=\"wp-block-heading\"><strong>Quais resultados posso esperar com a terapia?<\/strong><\/h2>\n\n\n\n<p class=\"has-medium-font-size\">Desde o in\u00edcio, voc\u00ea pode esperar maior clareza, compreens\u00e3o de si mesmo e estrat\u00e9gias pr\u00e1ticas para lidar com os desafios. Com o tempo, mudan\u00e7as significativas no bem-estar e na qualidade de vida s\u00e3o atingidas.<\/p>\n\n\n\n<h2 class=\"wp-block-heading\"><strong>Como voc\u00ea lida com imprevistos ou emerg\u00eancias?<\/strong><\/h2>\n\n\n\n<p class=\"has-medium-font-size\">Se houver necessidade, sess\u00f5es podem ser reagendadas com aviso pr\u00e9vio de 24 horas. Em emerg\u00eancias, discutimos como oferecer suporte adicional ou encaminhamentos apropriados.<\/p>\n\n\n\n<h2 class=\"wp-block-heading\"><strong>Qual \u00e9 o investimento financeiro e como funciona o pagamento?<\/strong><\/h2>\n\n\n\n<p class=\"has-medium-font-size\">O valor das sess\u00f5es ser\u00e1 informado no primeiro contato. Ofere\u00e7o op\u00e7\u00f5es de pagamento por sess\u00e3o ou pacotes, e as condi\u00e7\u00f5es podem ser ajustadas para online ou presencial.<\/p>\n\n\n\n<p><\/p>\n","protected":false},"excerpt":{"rendered":"<p>Como marcar uma consulta?&nbsp; A melhor forma de marcar uma consulta \u00e9 preencher o formul\u00e1rio e marcar um primeiro contacto ou pode enviar-me um e-mail (geral@psimarcooliveria.com). Sinta-se \u00e0 vontade para perguntar qualquer quest\u00e3o sobre a minha pr\u00e1tica. Lembre-se que se n\u00e3o obtiver uma resposta clara nesta fase cabe a mim, n\u00e3o a voc\u00ea, tornar a&#8230;<\/p>\n<p class=\"more-link\"><a href=\"https:\/\/www.psimarcooliveira.com\/?page_id=57\"><span>Read More<\/span><i>&#43;<\/i><\/a><\/p>\n","protected":false},"author":1,"featured_media":0,"parent":0,"menu_order":0,"comment_status":"closed","ping_status":"closed","template":"","meta":{"_monsterinsights_skip_tracking":false,"_monsterinsights_sitenote_active":false,"_monsterinsights_sitenote_note":"","_monsterinsights_sitenote_category":0,"footnotes":""},"class_list":["post-57","page","type-page","status-publish","hentry"],"yoast_head":"<!-- This site is optimized with the Yoast SEO plugin v27.6 - https:\/\/yoast.com\/product\/yoast-seo-wordpress\/ -->\n<title>Perguntas frequentes - Marco Oliveira<\/title>\n<meta name=\"robots\" content=\"index, follow, max-snippet:-1, max-image-preview:large, max-video-preview:-1\" \/>\n<link rel=\"canonical\" href=\"https:\/\/www.psimarcooliveira.com\/?page_id=57\" \/>\n<meta property=\"og:locale\" content=\"pt_BR\" \/>\n<meta property=\"og:type\" content=\"article\" \/>\n<meta property=\"og:title\" content=\"Perguntas frequentes - Marco Oliveira\" \/>\n<meta property=\"og:description\" content=\"Como marcar uma consulta?&nbsp; A melhor forma de marcar uma consulta \u00e9 preencher o formul\u00e1rio e marcar um primeiro contacto ou pode enviar-me um e-mail (geral@psimarcooliveria.com). Sinta-se \u00e0 vontade para perguntar qualquer quest\u00e3o sobre a minha pr\u00e1tica. Lembre-se que se n\u00e3o obtiver uma resposta clara nesta fase cabe a mim, n\u00e3o a voc\u00ea, tornar a&#8230;Read More&#043;\" \/>\n<meta property=\"og:url\" content=\"https:\/\/www.psimarcooliveira.com\/?page_id=57\" \/>\n<meta property=\"og:site_name\" content=\"Marco Oliveira\" \/>\n<meta property=\"article:modified_time\" content=\"2025-06-16T11:11:24+00:00\" \/>\n<meta name=\"twitter:card\" content=\"summary_large_image\" \/>\n<meta name=\"twitter:label1\" content=\"Est. tempo de leitura\" \/>\n\t<meta name=\"twitter:data1\" content=\"4 minutos\" \/>\n<script type=\"application\/ld+json\" class=\"yoast-schema-graph\">{\"@context\":\"https:\\\/\\\/schema.org\",\"@graph\":[{\"@type\":\"WebPage\",\"@id\":\"https:\\\/\\\/www.psimarcooliveira.com\\\/?page_id=57\",\"url\":\"https:\\\/\\\/www.psimarcooliveira.com\\\/?page_id=57\",\"name\":\"Perguntas frequentes - Marco Oliveira\",\"isPartOf\":{\"@id\":\"https:\\\/\\\/www.psimarcooliveira.com\\\/#website\"},\"datePublished\":\"2024-11-26T11:38:55+00:00\",\"dateModified\":\"2025-06-16T11:11:24+00:00\",\"breadcrumb\":{\"@id\":\"https:\\\/\\\/www.psimarcooliveira.com\\\/?page_id=57#breadcrumb\"},\"inLanguage\":\"pt-BR\",\"potentialAction\":[{\"@type\":\"ReadAction\",\"target\":[\"https:\\\/\\\/www.psimarcooliveira.com\\\/?page_id=57\"]}]},{\"@type\":\"BreadcrumbList\",\"@id\":\"https:\\\/\\\/www.psimarcooliveira.com\\\/?page_id=57#breadcrumb\",\"itemListElement\":[{\"@type\":\"ListItem\",\"position\":1,\"name\":\"In\u00edcio\",\"item\":\"https:\\\/\\\/www.psimarcooliveira.com\\\/\"},{\"@type\":\"ListItem\",\"position\":2,\"name\":\"Perguntas frequentes\"}]},{\"@type\":\"WebSite\",\"@id\":\"https:\\\/\\\/www.psimarcooliveira.com\\\/#website\",\"url\":\"https:\\\/\\\/www.psimarcooliveira.com\\\/\",\"name\":\"Marco Oliveira\",\"description\":\"Psic\u00f3logo Cl\u00ednico\",\"publisher\":{\"@id\":\"https:\\\/\\\/www.psimarcooliveira.com\\\/#organization\"},\"potentialAction\":[{\"@type\":\"SearchAction\",\"target\":{\"@type\":\"EntryPoint\",\"urlTemplate\":\"https:\\\/\\\/www.psimarcooliveira.com\\\/?s={search_term_string}\"},\"query-input\":{\"@type\":\"PropertyValueSpecification\",\"valueRequired\":true,\"valueName\":\"search_term_string\"}}],\"inLanguage\":\"pt-BR\"},{\"@type\":\"Organization\",\"@id\":\"https:\\\/\\\/www.psimarcooliveira.com\\\/#organization\",\"name\":\"Marco Oliveira\",\"url\":\"https:\\\/\\\/www.psimarcooliveira.com\\\/\",\"logo\":{\"@type\":\"ImageObject\",\"inLanguage\":\"pt-BR\",\"@id\":\"https:\\\/\\\/www.psimarcooliveira.com\\\/#\\\/schema\\\/logo\\\/image\\\/\",\"url\":\"https:\\\/\\\/www.psimarcooliveira.com\\\/wp-content\\\/uploads\\\/2024\\\/11\\\/cropped-cropped-Marco-Oliveira-logo-6.png\",\"contentUrl\":\"https:\\\/\\\/www.psimarcooliveira.com\\\/wp-content\\\/uploads\\\/2024\\\/11\\\/cropped-cropped-Marco-Oliveira-logo-6.png\",\"width\":349,\"height\":233,\"caption\":\"Marco Oliveira\"},\"image\":{\"@id\":\"https:\\\/\\\/www.psimarcooliveira.com\\\/#\\\/schema\\\/logo\\\/image\\\/\"}}]}<\/script>\n<!-- \/ Yoast SEO plugin. -->","yoast_head_json":{"title":"Perguntas frequentes - Marco Oliveira","robots":{"index":"index","follow":"follow","max-snippet":"max-snippet:-1","max-image-preview":"max-image-preview:large","max-video-preview":"max-video-preview:-1"},"canonical":"https:\/\/www.psimarcooliveira.com\/?page_id=57","og_locale":"pt_BR","og_type":"article","og_title":"Perguntas frequentes - Marco Oliveira","og_description":"Como marcar uma consulta?&nbsp; A melhor forma de marcar uma consulta \u00e9 preencher o formul\u00e1rio e marcar um primeiro contacto ou pode enviar-me um e-mail (geral@psimarcooliveria.com). Sinta-se \u00e0 vontade para perguntar qualquer quest\u00e3o sobre a minha pr\u00e1tica. Lembre-se que se n\u00e3o obtiver uma resposta clara nesta fase cabe a mim, n\u00e3o a voc\u00ea, tornar a&#8230;Read More&#43;","og_url":"https:\/\/www.psimarcooliveira.com\/?page_id=57","og_site_name":"Marco Oliveira","article_modified_time":"2025-06-16T11:11:24+00:00","twitter_card":"summary_large_image","twitter_misc":{"Est. tempo de leitura":"4 minutos"},"schema":{"@context":"https:\/\/schema.org","@graph":[{"@type":"WebPage","@id":"https:\/\/www.psimarcooliveira.com\/?page_id=57","url":"https:\/\/www.psimarcooliveira.com\/?page_id=57","name":"Perguntas frequentes - Marco Oliveira","isPartOf":{"@id":"https:\/\/www.psimarcooliveira.com\/#website"},"datePublished":"2024-11-26T11:38:55+00:00","dateModified":"2025-06-16T11:11:24+00:00","breadcrumb":{"@id":"https:\/\/www.psimarcooliveira.com\/?page_id=57#breadcrumb"},"inLanguage":"pt-BR","potentialAction":[{"@type":"ReadAction","target":["https:\/\/www.psimarcooliveira.com\/?page_id=57"]}]},{"@type":"BreadcrumbList","@id":"https:\/\/www.psimarcooliveira.com\/?page_id=57#breadcrumb","itemListElement":[{"@type":"ListItem","position":1,"name":"In\u00edcio","item":"https:\/\/www.psimarcooliveira.com\/"},{"@type":"ListItem","position":2,"name":"Perguntas frequentes"}]},{"@type":"WebSite","@id":"https:\/\/www.psimarcooliveira.com\/#website","url":"https:\/\/www.psimarcooliveira.com\/","name":"Marco Oliveira","description":"Psic\u00f3logo Cl\u00ednico","publisher":{"@id":"https:\/\/www.psimarcooliveira.com\/#organization"},"potentialAction":[{"@type":"SearchAction","target":{"@type":"EntryPoint","urlTemplate":"https:\/\/www.psimarcooliveira.com\/?s={search_term_string}"},"query-input":{"@type":"PropertyValueSpecification","valueRequired":true,"valueName":"search_term_string"}}],"inLanguage":"pt-BR"},{"@type":"Organization","@id":"https:\/\/www.psimarcooliveira.com\/#organization","name":"Marco Oliveira","url":"https:\/\/www.psimarcooliveira.com\/","logo":{"@type":"ImageObject","inLanguage":"pt-BR","@id":"https:\/\/www.psimarcooliveira.com\/#\/schema\/logo\/image\/","url":"https:\/\/www.psimarcooliveira.com\/wp-content\/uploads\/2024\/11\/cropped-cropped-Marco-Oliveira-logo-6.png","contentUrl":"https:\/\/www.psimarcooliveira.com\/wp-content\/uploads\/2024\/11\/cropped-cropped-Marco-Oliveira-logo-6.png","width":349,"height":233,"caption":"Marco Oliveira"},"image":{"@id":"https:\/\/www.psimarcooliveira.com\/#\/schema\/logo\/image\/"}}]}},"jetpack_sharing_enabled":true,"jetpack-related-posts":[{"id":56,"url":"https:\/\/www.psimarcooliveira.com\/?page_id=56","url_meta":{"origin":57,"position":0},"title":"Marcar Consulta","author":"admin","date":"26\/11\/2024","format":false,"excerpt":"Preencha o formul\u00e1rio abaixo para efetuar o seu pedido de marca\u00e7\u00e3o de consulta ou veja a disponibilidade de agenda e Marque uma consulta Ser\u00e1 contactado(a) para confirmar a disponibilidade de hor\u00e1rio.A sua consulta s\u00f3 ficar\u00e1 agendada ap\u00f3s a nossa valida\u00e7\u00e3o. Entre em Contato Conosco!Tem alguma d\u00favida ou gostaria de agendar\u2026","rel":"","context":"Post similar","block_context":{"text":"Post similar","link":""},"img":{"alt_text":"","src":"","width":0,"height":0},"classes":[]},{"id":5,"url":"https:\/\/www.psimarcooliveira.com\/","url_meta":{"origin":57,"position":1},"title":"Home","author":"admin","date":"22\/11\/2024","format":false,"excerpt":"MARCO OLIVEIRA - Psicologia Cl\u00ednica COMO POSSO AJUDAR Descubra a mudan\u00e7a que voc\u00ea procura Nem sempre \u00e9 f\u00e1cil entender como chegamos ao momento em que estamos. Os desafios que enfrentamos, seja na vida pessoal, profissional ou nos relacionamentos, muitas vezes parecem mais claros nos seus efeitos do que nas suas\u2026","rel":"","context":"Post similar","block_context":{"text":"Post similar","link":""},"img":{"alt_text":"","src":"","width":0,"height":0},"classes":[]},{"id":274,"url":"https:\/\/www.psimarcooliveira.com\/?page_id=274","url_meta":{"origin":57,"position":2},"title":"Terapia de Casal","author":"Marco Oliveira","date":"16\/06\/2025","format":false,"excerpt":"Reconstrua o Amor e a Harmonia na Rela\u00e7\u00e3o Os relacionamentos amorosos s\u00e3o, sem d\u00favida, uma das fontes mais ricas de alegria e crescimento pessoal, mas tamb\u00e9m podem ser desafiadores. Com o tempo, as exig\u00eancias familiares e profissionais, a rotina e um aparente arrefecimento de sentimentos podem gerar um distanciamento, fazendo\u2026","rel":"","context":"Post similar","block_context":{"text":"Post similar","link":""},"img":{"alt_text":"","src":"https:\/\/i0.wp.com\/www.psimarcooliveira.com\/wp-content\/uploads\/2025\/03\/img_1533-1.jpg?resize=350%2C200&ssl=1","width":350,"height":200},"classes":[]},{"id":157,"url":"https:\/\/www.psimarcooliveira.com\/?page_id=157","url_meta":{"origin":57,"position":3},"title":"Psicologia da Imigra\u00e7\u00e3o","author":"Marco Oliveira","date":"28\/02\/2025","format":false,"excerpt":"Imigra\u00e7\u00e3o e sa\u00fade mental: como identificar e agir Viver fora do pa\u00eds de origem pode ser um sonho \u2014 mas tamb\u00e9m traz desafios emocionais. A sa\u00fade mental na imigra\u00e7\u00e3o \u00e9 um tema cada vez mais falado, e por boas raz\u00f5es. O afastamento da fam\u00edlia, as mudan\u00e7as culturais e a sensa\u00e7\u00e3o\u2026","rel":"","context":"Post similar","block_context":{"text":"Post similar","link":""},"img":{"alt_text":"","src":"","width":0,"height":0},"classes":[]},{"id":240,"url":"https:\/\/www.psimarcooliveira.com\/?page_id=240","url_meta":{"origin":57,"position":4},"title":"Pol\u00edtica de Prote\u00e7\u00e3o de Dados","author":"admin","date":"12\/06\/2025","format":false,"excerpt":"Quem somos O endere\u00e7o do nosso site \u00e9: https:\/\/www.psimarcooliveira.comA propriet\u00e1ria deste site \u00e9 Marco C\u00e9sar de Oliveira.A nossa morada \u00e9 Rua C\u00e2ndido de Oliveira, 148 - 2785-361 Penedo - S\u00e3o Domingos de Rana \u00c2mbito da nossa Pol\u00edtica de Privacidade A presente pol\u00edtica de privacidade abrange este s\u00edtio de internet.O https:\/\/www.psimarcooliveira.com\u2026","rel":"","context":"Post similar","block_context":{"text":"Post similar","link":""},"img":{"alt_text":"","src":"","width":0,"height":0},"classes":[]},{"id":121,"url":"https:\/\/www.psimarcooliveira.com\/?page_id=121","url_meta":{"origin":57,"position":5},"title":"Terapia do Adolescentes","author":"admin","date":"04\/12\/2024","format":false,"excerpt":"Na terapia para adolescentes, voc\u00ea encontra um espa\u00e7o seguro e acolhedor, longe das press\u00f5es do dia a dia, onde pode falar abertamente sobre o que sente e pensa. Ao mesmo tempo, seus pais podem ficar tranquilos, sabendo que voc\u00ea est\u00e1 recebendo apoio profissional e n\u00e3o est\u00e1 enfrentando os desafios sozinho(a),\u2026","rel":"","context":"Post similar","block_context":{"text":"Post similar","link":""},"img":{"alt_text":"","src":"","width":0,"height":0},"classes":[]}],"_links":{"self":[{"href":"https:\/\/www.psimarcooliveira.com\/index.php?rest_route=\/wp\/v2\/pages\/57","targetHints":{"allow":["GET"]}}],"collection":[{"href":"https:\/\/www.psimarcooliveira.com\/index.php?rest_route=\/wp\/v2\/pages"}],"about":[{"href":"https:\/\/www.psimarcooliveira.com\/index.php?rest_route=\/wp\/v2\/types\/page"}],"author":[{"embeddable":true,"href":"https:\/\/www.psimarcooliveira.com\/index.php?rest_route=\/wp\/v2\/users\/1"}],"replies":[{"embeddable":true,"href":"https:\/\/www.psimarcooliveira.com\/index.php?rest_route=%2Fwp%2Fv2%2Fcomments&post=57"}],"version-history":[{"count":6,"href":"https:\/\/www.psimarcooliveira.com\/index.php?rest_route=\/wp\/v2\/pages\/57\/revisions"}],"predecessor-version":[{"id":282,"href":"https:\/\/www.psimarcooliveira.com\/index.php?rest_route=\/wp\/v2\/pages\/57\/revisions\/282"}],"wp:attachment":[{"href":"https:\/\/www.psimarcooliveira.com\/index.php?rest_route=%2Fwp%2Fv2%2Fmedia&parent=57"}],"curies":[{"name":"wp","href":"https:\/\/api.w.org\/{rel}","templated":true}]}}