{"id":56,"date":"2024-11-26T11:38:55","date_gmt":"2024-11-26T11:38:55","guid":{"rendered":"https:\/\/www.psimarcooliveira.com\/?page_id=56"},"modified":"2026-04-15T09:14:27","modified_gmt":"2026-04-15T09:14:27","slug":"contactos","status":"publish","type":"page","link":"https:\/\/www.psimarcooliveira.com\/?page_id=56","title":{"rendered":"Marcar Consulta"},"content":{"rendered":"\n<h2 class=\"wp-block-heading\">Preencha o formul\u00e1rio abaixo para efetuar o seu pedido de marca\u00e7\u00e3o de consulta ou veja a disponibilidade de agenda e <a href=\"https:\/\/www.doctoralia.com.pt\/marco-oliveira\/psicologo\/carcavelos\">Marque uma consulta<\/a><\/h2>\n\n\n\n<p>Ser\u00e1 contactado(a)  para confirmar a disponibilidade de hor\u00e1rio.<br>A sua consulta s\u00f3 ficar\u00e1 agendada ap\u00f3s a nossa valida\u00e7\u00e3o.<\/p>\n\n\n<style id=\"wpforms-css-vars-229-block-ba026c61-5b49-4504-9750-a67e2a9de383\">\n\t\t\t\t#wpforms-229.wpforms-block-ba026c61-5b49-4504-9750-a67e2a9de383 {\n\t\t\t\t--wpforms-field-size-input-height: 43px;\n--wpforms-field-size-input-spacing: 15px;\n--wpforms-field-size-font-size: 16px;\n--wpforms-field-size-line-height: 19px;\n--wpforms-field-size-padding-h: 14px;\n--wpforms-field-size-checkbox-size: 16px;\n--wpforms-field-size-sublabel-spacing: 5px;\n--wpforms-field-size-icon-size: 1;\n--wpforms-label-size-font-size: 16px;\n--wpforms-label-size-line-height: 19px;\n--wpforms-label-size-sublabel-font-size: 14px;\n--wpforms-label-size-sublabel-line-height: 17px;\n--wpforms-button-size-font-size: 17px;\n--wpforms-button-size-height: 41px;\n--wpforms-button-size-padding-h: 15px;\n--wpforms-button-size-margin-top: 10px;\n\t\t\t}\n\t\t\t<\/style><div class=\"wpforms-container wpforms-container-full wpforms-block wpforms-block-ba026c61-5b49-4504-9750-a67e2a9de383 wpforms-render-modern\" id=\"wpforms-229\"><form id=\"wpforms-form-229\" class=\"wpforms-validate wpforms-form wpforms-ajax-form\" data-formid=\"229\" method=\"post\" enctype=\"multipart\/form-data\" action=\"\/index.php?rest_route=%2Fwp%2Fv2%2Fpages%2F56\" data-token=\"ebb5470e11c92f36f269b093a8737a11\" data-token-time=\"1778846723\"><noscript class=\"wpforms-error-noscript\">Ative o JavaScript no seu navegador para preencher este formul\u00e1rio.<\/noscript><div id=\"wpforms-error-noscript\" style=\"display: none;\">Ative o JavaScript no seu navegador para preencher este formul\u00e1rio.<\/div><div class=\"wpforms-field-container\"><div id=\"wpforms-229-field_2-container\" class=\"wpforms-field wpforms-field-email\" data-field-id=\"2\"><label class=\"wpforms-field-label\" for=\"wpforms-229-field_2\">E-mail <span class=\"wpforms-required-label\" aria-hidden=\"true\">*<\/span><\/label><input type=\"email\" id=\"wpforms-229-field_2\" class=\"wpforms-field-medium wpforms-field-required\" name=\"wpforms[fields][2]\" spellcheck=\"false\" aria-errormessage=\"wpforms-229-field_2-error\" required><\/div><div id=\"wpforms-229-field_6-container\" class=\"wpforms-field wpforms-field-textarea\" data-field-id=\"6\"><label class=\"wpforms-field-label\" for=\"wpforms-229-field_6\">Telefone<\/label><textarea id=\"wpforms-229-field_6\" class=\"wpforms-field-small wpforms-limit-characters-enabled\" data-form-id=\"229\" data-field-id=\"6\" data-text-limit=\"9\" name=\"wpforms[fields][6]\" aria-errormessage=\"wpforms-229-field_6-error\" maxlength=\"9\" ><\/textarea><\/div><div id=\"wpforms-229-field_4-container\" class=\"wpforms-field wpforms-field-select wpforms-field-select-style-classic\" data-field-id=\"4\"><label class=\"wpforms-field-label\" for=\"wpforms-229-field_4\">Local <span class=\"wpforms-required-label\" aria-hidden=\"true\">*<\/span><\/label><select id=\"wpforms-229-field_4\" class=\"wpforms-field-medium wpforms-field-required\" name=\"wpforms[fields][4]\" required=\"required\"><option value=\"\" class=\"placeholder\" disabled  selected='selected'>&#8212; Selecione a escolha &#8212;<\/option><option value=\"Lisboa\"  class=\"choice-1 depth-1\"  >Lisboa<\/option><option value=\"Carcavelos\"  class=\"choice-2 depth-1\"  >Carcavelos<\/option><option value=\"Outro\"  class=\"choice-4 depth-1\"  >Outro<\/option><\/select><\/div><div id=\"wpforms-229-field_10-container\" class=\"wpforms-field wpforms-field-radio wpforms-list-inline\" data-field-id=\"10\"><fieldset><legend class=\"wpforms-field-label\">Tipo <span class=\"wpforms-required-label\" aria-hidden=\"true\">*<\/span><\/legend><ul id=\"wpforms-229-field_10\" class=\"wpforms-field-required\"><li class=\"choice-1 depth-1\"><input type=\"radio\" id=\"wpforms-229-field_10_1\" name=\"wpforms[fields][10]\" value=\"Presencial\" aria-errormessage=\"wpforms-229-field_10_1-error\" required ><label class=\"wpforms-field-label-inline\" for=\"wpforms-229-field_10_1\">Presencial<\/label><\/li><li class=\"choice-2 depth-1\"><input type=\"radio\" id=\"wpforms-229-field_10_2\" name=\"wpforms[fields][10]\" value=\"On-Line\" aria-errormessage=\"wpforms-229-field_10_2-error\" required ><label class=\"wpforms-field-label-inline\" for=\"wpforms-229-field_10_2\">On-Line<\/label><\/li><\/ul><\/fieldset><\/div>\t\t<div id=\"wpforms-229-field_1-container\"\n\t\t\tclass=\"wpforms-field wpforms-field-text\"\n\t\t\tdata-field-type=\"text\"\n\t\t\tdata-field-id=\"1\"\n\t\t\t>\n\t\t\t<label class=\"wpforms-field-label\" for=\"wpforms-229-field_1\" >E-mail Preferencial Local<\/label>\n\t\t\t<input type=\"text\" id=\"wpforms-229-field_1\" class=\"wpforms-field-medium\" name=\"wpforms[fields][1]\" >\n\t\t<\/div>\n\t\t<div id=\"wpforms-229-field_5-container\" class=\"wpforms-field wpforms-field-radio wpforms-list-inline\" data-field-id=\"5\"><fieldset><legend class=\"wpforms-field-label\">Hor\u00e1rio Preferencial <span class=\"wpforms-required-label\" aria-hidden=\"true\">*<\/span><\/legend><ul id=\"wpforms-229-field_5\" class=\"wpforms-field-required\"><li class=\"choice-1 depth-1\"><input type=\"radio\" id=\"wpforms-229-field_5_1\" name=\"wpforms[fields][5]\" value=\"8:00 \u00e0s 13:00\" aria-errormessage=\"wpforms-229-field_5_1-error\" required ><label class=\"wpforms-field-label-inline\" for=\"wpforms-229-field_5_1\">8:00 \u00e0s 13:00<\/label><\/li><li class=\"choice-2 depth-1\"><input type=\"radio\" id=\"wpforms-229-field_5_2\" name=\"wpforms[fields][5]\" value=\"14:00 \u00e0s 18:00\" aria-errormessage=\"wpforms-229-field_5_2-error\" required ><label class=\"wpforms-field-label-inline\" for=\"wpforms-229-field_5_2\">14:00 \u00e0s 18:00<\/label><\/li><li class=\"choice-3 depth-1\"><input type=\"radio\" id=\"wpforms-229-field_5_3\" name=\"wpforms[fields][5]\" value=\"19:00 \u00e0s 21:00\" aria-errormessage=\"wpforms-229-field_5_3-error\" required ><label class=\"wpforms-field-label-inline\" for=\"wpforms-229-field_5_3\">19:00 \u00e0s 21:00<\/label><\/li><\/ul><\/fieldset><\/div><div id=\"wpforms-229-field_3-container\" class=\"wpforms-field wpforms-field-textarea\" data-field-id=\"3\"><label class=\"wpforms-field-label\" for=\"wpforms-229-field_3\">Coment\u00e1rio ou Mensagem<\/label><textarea id=\"wpforms-229-field_3\" class=\"wpforms-field-medium\" name=\"wpforms[fields][3]\" aria-errormessage=\"wpforms-229-field_3-error\" ><\/textarea><\/div><script>\n\t\t\t\t( function() {\n\t\t\t\t\tconst style = document.createElement( 'style' );\n\t\t\t\t\tstyle.appendChild( document.createTextNode( '#wpforms-229-field_1-container { position: absolute !important; overflow: hidden !important; display: inline !important; height: 1px !important; width: 1px !important; z-index: -1000 !important; padding: 0 !important; } #wpforms-229-field_1-container input { visibility: hidden; } #wpforms-conversational-form-page #wpforms-229-field_1-container label { counter-increment: none; }' ) );\n\t\t\t\t\tdocument.head.appendChild( style );\n\t\t\t\t\tdocument.currentScript?.remove();\n\t\t\t\t} )();\n\t\t\t<\/script><\/div><!-- .wpforms-field-container --><div class=\"wpforms-submit-container\" ><input type=\"hidden\" name=\"wpforms[id]\" value=\"229\"><input type=\"hidden\" name=\"page_title\" value=\"\"><input type=\"hidden\" name=\"page_url\" value=\"https:\/\/www.psimarcooliveira.com\/index.php?rest_route=\/wp\/v2\/pages\/56\"><input type=\"hidden\" name=\"url_referer\" value=\"\"><button type=\"submit\" name=\"wpforms[submit]\" id=\"wpforms-submit-229\" class=\"wpforms-submit\" data-alt-text=\"Enviando\u2026\" data-submit-text=\"Enviar\" aria-live=\"assertive\" value=\"wpforms-submit\">Enviar<\/button><img loading=\"lazy\" decoding=\"async\" src=\"https:\/\/www.psimarcooliveira.com\/wp-content\/plugins\/wpforms-lite\/assets\/images\/submit-spin.svg\" class=\"wpforms-submit-spinner\" style=\"display: none;\" width=\"26\" height=\"26\" alt=\"Carregando\"><\/div><\/form><\/div>  <!-- .wpforms-container -->\n\n\n<p><strong>Entre em Contato Conosco!<\/strong><br>Tem alguma d\u00favida ou gostaria de agendar uma sess\u00e3o? <\/p>\n\n\n\n<p>Estamos aqui para ajudar! Envie um e-mail  ou entre em contato pelo telefone. <\/p>\n\n\n\n<p>Sua jornada para o bem-estar come\u00e7a aqui!<\/p>\n\n\n\n<p>E-mail: geral@psimarcooliveira.com<\/p>\n\n\n\n<p>WhatsApp: +351 939181826<\/p>\n\n\n\n<p><\/p>\n","protected":false},"excerpt":{"rendered":"<p>Preencha o formul\u00e1rio abaixo para efetuar o seu pedido de marca\u00e7\u00e3o de consulta ou veja a disponibilidade de agenda e Marque uma consulta Ser\u00e1 contactado(a) para confirmar a disponibilidade de hor\u00e1rio.A sua consulta s\u00f3 ficar\u00e1 agendada ap\u00f3s a nossa valida\u00e7\u00e3o. Entre em Contato Conosco!Tem alguma d\u00favida ou gostaria de agendar uma sess\u00e3o? Estamos aqui para&#8230;<\/p>\n<p class=\"more-link\"><a href=\"https:\/\/www.psimarcooliveira.com\/?page_id=56\"><span>Read More<\/span><i>&#43;<\/i><\/a><\/p>\n","protected":false},"author":1,"featured_media":0,"parent":0,"menu_order":0,"comment_status":"closed","ping_status":"closed","template":"","meta":{"_monsterinsights_skip_tracking":false,"_monsterinsights_sitenote_active":false,"_monsterinsights_sitenote_note":"","_monsterinsights_sitenote_category":0,"footnotes":""},"class_list":["post-56","page","type-page","status-publish","hentry"],"yoast_head":"<!-- This site is optimized with the Yoast SEO plugin v27.6 - https:\/\/yoast.com\/product\/yoast-seo-wordpress\/ -->\n<title>Marcar Consulta - Marco Oliveira<\/title>\n<meta name=\"robots\" content=\"index, follow, max-snippet:-1, max-image-preview:large, max-video-preview:-1\" \/>\n<link rel=\"canonical\" href=\"https:\/\/www.psimarcooliveira.com\/?page_id=56\" \/>\n<meta property=\"og:locale\" content=\"pt_BR\" \/>\n<meta property=\"og:type\" content=\"article\" \/>\n<meta property=\"og:title\" content=\"Marcar Consulta - Marco Oliveira\" \/>\n<meta property=\"og:description\" content=\"Preencha o formul\u00e1rio abaixo para efetuar o seu pedido de marca\u00e7\u00e3o de consulta ou veja a disponibilidade de agenda e Marque uma consulta Ser\u00e1 contactado(a) para confirmar a disponibilidade de hor\u00e1rio.A sua consulta s\u00f3 ficar\u00e1 agendada ap\u00f3s a nossa valida\u00e7\u00e3o. Entre em Contato Conosco!Tem alguma d\u00favida ou gostaria de agendar uma sess\u00e3o? Estamos aqui para&#8230;Read More&#043;\" \/>\n<meta property=\"og:url\" content=\"https:\/\/www.psimarcooliveira.com\/?page_id=56\" \/>\n<meta property=\"og:site_name\" content=\"Marco Oliveira\" \/>\n<meta property=\"article:modified_time\" content=\"2026-04-15T09:14:27+00:00\" \/>\n<meta name=\"twitter:card\" content=\"summary_large_image\" \/>\n<meta name=\"twitter:label1\" content=\"Est. tempo de leitura\" \/>\n\t<meta name=\"twitter:data1\" content=\"1 minuto\" \/>\n<script type=\"application\/ld+json\" class=\"yoast-schema-graph\">{\"@context\":\"https:\\\/\\\/schema.org\",\"@graph\":[{\"@type\":\"WebPage\",\"@id\":\"https:\\\/\\\/www.psimarcooliveira.com\\\/?page_id=56\",\"url\":\"https:\\\/\\\/www.psimarcooliveira.com\\\/?page_id=56\",\"name\":\"Marcar Consulta - Marco Oliveira\",\"isPartOf\":{\"@id\":\"https:\\\/\\\/www.psimarcooliveira.com\\\/#website\"},\"datePublished\":\"2024-11-26T11:38:55+00:00\",\"dateModified\":\"2026-04-15T09:14:27+00:00\",\"breadcrumb\":{\"@id\":\"https:\\\/\\\/www.psimarcooliveira.com\\\/?page_id=56#breadcrumb\"},\"inLanguage\":\"pt-BR\",\"potentialAction\":[{\"@type\":\"ReadAction\",\"target\":[\"https:\\\/\\\/www.psimarcooliveira.com\\\/?page_id=56\"]}]},{\"@type\":\"BreadcrumbList\",\"@id\":\"https:\\\/\\\/www.psimarcooliveira.com\\\/?page_id=56#breadcrumb\",\"itemListElement\":[{\"@type\":\"ListItem\",\"position\":1,\"name\":\"In\u00edcio\",\"item\":\"https:\\\/\\\/www.psimarcooliveira.com\\\/\"},{\"@type\":\"ListItem\",\"position\":2,\"name\":\"Marcar Consulta\"}]},{\"@type\":\"WebSite\",\"@id\":\"https:\\\/\\\/www.psimarcooliveira.com\\\/#website\",\"url\":\"https:\\\/\\\/www.psimarcooliveira.com\\\/\",\"name\":\"Marco Oliveira\",\"description\":\"Psic\u00f3logo Cl\u00ednico\",\"publisher\":{\"@id\":\"https:\\\/\\\/www.psimarcooliveira.com\\\/#organization\"},\"potentialAction\":[{\"@type\":\"SearchAction\",\"target\":{\"@type\":\"EntryPoint\",\"urlTemplate\":\"https:\\\/\\\/www.psimarcooliveira.com\\\/?s={search_term_string}\"},\"query-input\":{\"@type\":\"PropertyValueSpecification\",\"valueRequired\":true,\"valueName\":\"search_term_string\"}}],\"inLanguage\":\"pt-BR\"},{\"@type\":\"Organization\",\"@id\":\"https:\\\/\\\/www.psimarcooliveira.com\\\/#organization\",\"name\":\"Marco Oliveira\",\"url\":\"https:\\\/\\\/www.psimarcooliveira.com\\\/\",\"logo\":{\"@type\":\"ImageObject\",\"inLanguage\":\"pt-BR\",\"@id\":\"https:\\\/\\\/www.psimarcooliveira.com\\\/#\\\/schema\\\/logo\\\/image\\\/\",\"url\":\"https:\\\/\\\/www.psimarcooliveira.com\\\/wp-content\\\/uploads\\\/2024\\\/11\\\/cropped-cropped-Marco-Oliveira-logo-6.png\",\"contentUrl\":\"https:\\\/\\\/www.psimarcooliveira.com\\\/wp-content\\\/uploads\\\/2024\\\/11\\\/cropped-cropped-Marco-Oliveira-logo-6.png\",\"width\":349,\"height\":233,\"caption\":\"Marco Oliveira\"},\"image\":{\"@id\":\"https:\\\/\\\/www.psimarcooliveira.com\\\/#\\\/schema\\\/logo\\\/image\\\/\"}}]}<\/script>\n<!-- \/ Yoast SEO plugin. -->","yoast_head_json":{"title":"Marcar Consulta - Marco Oliveira","robots":{"index":"index","follow":"follow","max-snippet":"max-snippet:-1","max-image-preview":"max-image-preview:large","max-video-preview":"max-video-preview:-1"},"canonical":"https:\/\/www.psimarcooliveira.com\/?page_id=56","og_locale":"pt_BR","og_type":"article","og_title":"Marcar Consulta - Marco Oliveira","og_description":"Preencha o formul\u00e1rio abaixo para efetuar o seu pedido de marca\u00e7\u00e3o de consulta ou veja a disponibilidade de agenda e Marque uma consulta Ser\u00e1 contactado(a) para confirmar a disponibilidade de hor\u00e1rio.A sua consulta s\u00f3 ficar\u00e1 agendada ap\u00f3s a nossa valida\u00e7\u00e3o. Entre em Contato Conosco!Tem alguma d\u00favida ou gostaria de agendar uma sess\u00e3o? Estamos aqui para&#8230;Read More&#43;","og_url":"https:\/\/www.psimarcooliveira.com\/?page_id=56","og_site_name":"Marco Oliveira","article_modified_time":"2026-04-15T09:14:27+00:00","twitter_card":"summary_large_image","twitter_misc":{"Est. tempo de leitura":"1 minuto"},"schema":{"@context":"https:\/\/schema.org","@graph":[{"@type":"WebPage","@id":"https:\/\/www.psimarcooliveira.com\/?page_id=56","url":"https:\/\/www.psimarcooliveira.com\/?page_id=56","name":"Marcar Consulta - Marco Oliveira","isPartOf":{"@id":"https:\/\/www.psimarcooliveira.com\/#website"},"datePublished":"2024-11-26T11:38:55+00:00","dateModified":"2026-04-15T09:14:27+00:00","breadcrumb":{"@id":"https:\/\/www.psimarcooliveira.com\/?page_id=56#breadcrumb"},"inLanguage":"pt-BR","potentialAction":[{"@type":"ReadAction","target":["https:\/\/www.psimarcooliveira.com\/?page_id=56"]}]},{"@type":"BreadcrumbList","@id":"https:\/\/www.psimarcooliveira.com\/?page_id=56#breadcrumb","itemListElement":[{"@type":"ListItem","position":1,"name":"In\u00edcio","item":"https:\/\/www.psimarcooliveira.com\/"},{"@type":"ListItem","position":2,"name":"Marcar Consulta"}]},{"@type":"WebSite","@id":"https:\/\/www.psimarcooliveira.com\/#website","url":"https:\/\/www.psimarcooliveira.com\/","name":"Marco Oliveira","description":"Psic\u00f3logo Cl\u00ednico","publisher":{"@id":"https:\/\/www.psimarcooliveira.com\/#organization"},"potentialAction":[{"@type":"SearchAction","target":{"@type":"EntryPoint","urlTemplate":"https:\/\/www.psimarcooliveira.com\/?s={search_term_string}"},"query-input":{"@type":"PropertyValueSpecification","valueRequired":true,"valueName":"search_term_string"}}],"inLanguage":"pt-BR"},{"@type":"Organization","@id":"https:\/\/www.psimarcooliveira.com\/#organization","name":"Marco Oliveira","url":"https:\/\/www.psimarcooliveira.com\/","logo":{"@type":"ImageObject","inLanguage":"pt-BR","@id":"https:\/\/www.psimarcooliveira.com\/#\/schema\/logo\/image\/","url":"https:\/\/www.psimarcooliveira.com\/wp-content\/uploads\/2024\/11\/cropped-cropped-Marco-Oliveira-logo-6.png","contentUrl":"https:\/\/www.psimarcooliveira.com\/wp-content\/uploads\/2024\/11\/cropped-cropped-Marco-Oliveira-logo-6.png","width":349,"height":233,"caption":"Marco Oliveira"},"image":{"@id":"https:\/\/www.psimarcooliveira.com\/#\/schema\/logo\/image\/"}}]}},"jetpack_sharing_enabled":true,"jetpack-related-posts":[{"id":123,"url":"https:\/\/www.psimarcooliveira.com\/?page_id=123","url_meta":{"origin":56,"position":0},"title":"Psicologia do Adolescente","author":"admin","date":"04\/12\/2024","format":false,"excerpt":"Como funciona a consulta de Psicologia do Adolescente? Primeira Consulta O adolescente pode optar por entrar sozinho na sess\u00e3o, enquanto os pais aguardam e participam apenas no final. Nesta consulta inicial, \u00e9 criada uma conex\u00e3o terap\u00eautica, identificado o problema principal e planeada a avalia\u00e7\u00e3o necess\u00e1ria. Avalia\u00e7\u00e3o A avalia\u00e7\u00e3o aborda o\u2026","rel":"","context":"Post similar","block_context":{"text":"Post similar","link":""},"img":{"alt_text":"","src":"","width":0,"height":0},"classes":[]},{"id":57,"url":"https:\/\/www.psimarcooliveira.com\/?page_id=57","url_meta":{"origin":56,"position":1},"title":"Perguntas frequentes","author":"admin","date":"26\/11\/2024","format":false,"excerpt":"Como marcar uma consulta?\u00a0 A melhor forma de marcar uma consulta \u00e9 preencher o formul\u00e1rio e marcar um primeiro contacto ou pode enviar-me um e-mail (geral@psimarcooliveria.com). Sinta-se \u00e0 vontade para perguntar qualquer quest\u00e3o sobre a minha pr\u00e1tica. Lembre-se que se n\u00e3o obtiver uma resposta clara nesta fase cabe a mim,\u2026","rel":"","context":"Post similar","block_context":{"text":"Post similar","link":""},"img":{"alt_text":"","src":"","width":0,"height":0},"classes":[]},{"id":220,"url":"https:\/\/www.psimarcooliveira.com\/?page_id=220","url_meta":{"origin":56,"position":2},"title":"Terapia de Casal","author":"admin","date":"12\/06\/2025","format":false,"excerpt":"A Consulta de Terapia de Casal tem como prop\u00f3sito apoiar o casal em\u00a0momentos de crise\u00a0ou a ultrapassar problemas e obst\u00e1culos na rela\u00e7\u00e3o. Interv\u00e9m ainda nas necessidades do casal, analisa hip\u00f3teses de reconcilia\u00e7\u00e3o e os\u00a0facilitadores de restabelecimento da rela\u00e7\u00e3o\u00a0ou converte-se em terapia do div\u00f3rcio quando o melhor caminho para os elementos\u2026","rel":"","context":"Post similar","block_context":{"text":"Post similar","link":""},"img":{"alt_text":"","src":"","width":0,"height":0},"classes":[]},{"id":121,"url":"https:\/\/www.psimarcooliveira.com\/?page_id=121","url_meta":{"origin":56,"position":3},"title":"Terapia do Adolescentes","author":"admin","date":"04\/12\/2024","format":false,"excerpt":"Na terapia para adolescentes, voc\u00ea encontra um espa\u00e7o seguro e acolhedor, longe das press\u00f5es do dia a dia, onde pode falar abertamente sobre o que sente e pensa. Ao mesmo tempo, seus pais podem ficar tranquilos, sabendo que voc\u00ea est\u00e1 recebendo apoio profissional e n\u00e3o est\u00e1 enfrentando os desafios sozinho(a),\u2026","rel":"","context":"Post similar","block_context":{"text":"Post similar","link":""},"img":{"alt_text":"","src":"","width":0,"height":0},"classes":[]},{"id":5,"url":"https:\/\/www.psimarcooliveira.com\/","url_meta":{"origin":56,"position":4},"title":"Home","author":"admin","date":"22\/11\/2024","format":false,"excerpt":"MARCO OLIVEIRA - Psicologia Cl\u00ednica COMO POSSO AJUDAR Descubra a mudan\u00e7a que voc\u00ea procura Nem sempre \u00e9 f\u00e1cil entender como chegamos ao momento em que estamos. Os desafios que enfrentamos, seja na vida pessoal, profissional ou nos relacionamentos, muitas vezes parecem mais claros nos seus efeitos do que nas suas\u2026","rel":"","context":"Post similar","block_context":{"text":"Post similar","link":""},"img":{"alt_text":"","src":"","width":0,"height":0},"classes":[]},{"id":274,"url":"https:\/\/www.psimarcooliveira.com\/?page_id=274","url_meta":{"origin":56,"position":5},"title":"Terapia de Casal","author":"Marco Oliveira","date":"16\/06\/2025","format":false,"excerpt":"Reconstrua o Amor e a Harmonia na Rela\u00e7\u00e3o Os relacionamentos amorosos s\u00e3o, sem d\u00favida, uma das fontes mais ricas de alegria e crescimento pessoal, mas tamb\u00e9m podem ser desafiadores. Com o tempo, as exig\u00eancias familiares e profissionais, a rotina e um aparente arrefecimento de sentimentos podem gerar um distanciamento, fazendo\u2026","rel":"","context":"Post similar","block_context":{"text":"Post similar","link":""},"img":{"alt_text":"","src":"https:\/\/i0.wp.com\/www.psimarcooliveira.com\/wp-content\/uploads\/2025\/03\/img_1533-1.jpg?resize=350%2C200&ssl=1","width":350,"height":200},"classes":[]}],"_links":{"self":[{"href":"https:\/\/www.psimarcooliveira.com\/index.php?rest_route=\/wp\/v2\/pages\/56","targetHints":{"allow":["GET"]}}],"collection":[{"href":"https:\/\/www.psimarcooliveira.com\/index.php?rest_route=\/wp\/v2\/pages"}],"about":[{"href":"https:\/\/www.psimarcooliveira.com\/index.php?rest_route=\/wp\/v2\/types\/page"}],"author":[{"embeddable":true,"href":"https:\/\/www.psimarcooliveira.com\/index.php?rest_route=\/wp\/v2\/users\/1"}],"replies":[{"embeddable":true,"href":"https:\/\/www.psimarcooliveira.com\/index.php?rest_route=%2Fwp%2Fv2%2Fcomments&post=56"}],"version-history":[{"count":12,"href":"https:\/\/www.psimarcooliveira.com\/index.php?rest_route=\/wp\/v2\/pages\/56\/revisions"}],"predecessor-version":[{"id":410,"href":"https:\/\/www.psimarcooliveira.com\/index.php?rest_route=\/wp\/v2\/pages\/56\/revisions\/410"}],"wp:attachment":[{"href":"https:\/\/www.psimarcooliveira.com\/index.php?rest_route=%2Fwp%2Fv2%2Fmedia&parent=56"}],"curies":[{"name":"wp","href":"https:\/\/api.w.org\/{rel}","templated":true}]}}