{"id":220,"date":"2025-06-12T16:51:06","date_gmt":"2025-06-12T16:51:06","guid":{"rendered":"https:\/\/www.psimarcooliveira.com\/?page_id=220"},"modified":"2025-06-12T16:51:08","modified_gmt":"2025-06-12T16:51:08","slug":"terapia-de-casal","status":"publish","type":"page","link":"https:\/\/www.psimarcooliveira.com\/?page_id=220","title":{"rendered":"Terapia de Casal"},"content":{"rendered":"\n<p>A Consulta de Terapia de Casal tem como prop\u00f3sito apoiar o casal em&nbsp;<strong>momentos de crise<\/strong>&nbsp;ou a ultrapassar problemas e obst\u00e1culos na rela\u00e7\u00e3o. Interv\u00e9m ainda nas necessidades do casal, analisa hip\u00f3teses de reconcilia\u00e7\u00e3o e os&nbsp;<strong>facilitadores de restabelecimento da rela\u00e7\u00e3o<\/strong>&nbsp;ou converte-se em terapia do div\u00f3rcio quando o melhor caminho para os elementos do casal seja esse, ajudando a um processo de separa\u00e7\u00e3o mais ajustado e menos doloroso, minimizando o impacto nos filhos.<\/p>\n\n\n\n<p>Na Consulta de Terapia de Casal intervimos com os dois elementos do casal em conjunto, n\u00e3o tendo como foco o sujeito individualmente, j\u00e1 que a\u00ed deve procurar-se o\u00a0<a href=\"https:\/\/www.psimarcooliveira.com\/?page_id=114\">acompanhamento individual<\/a>, \u00a0mas sim o casal e a rela\u00e7\u00e3o.<\/p>\n\n\n\n<p>A Terapia de Casal est\u00e1 indicada para casais que se encontram com dificuldades no relacionamento, nomeadamente, dificuldades que envolvam a comunica\u00e7\u00e3o ou o modo como gerem os seus conflitos e que pretendem investir na rela\u00e7\u00e3o. \u00c9 essencial que ambos os elementos do casal reconhe\u00e7am a necessidade de efetuarem mudan\u00e7as e que estejam dispon\u00edveis para o fazer.<\/p>\n\n\n\n<p>\u00a0A terapia de casal \u00e9 um recurso valioso e est\u00e1 indicada em m\u00faltiplas situa\u00e7\u00f5es.<\/p>\n\n\n\n<ul class=\"wp-block-list\">\n<li>Crises do casal (filhos, perdas, desemprego, etc)<\/li>\n\n\n\n<li>Insatisfa\u00e7\u00e3o conjugal ou sexual<\/li>\n\n\n\n<li>Mudan\u00e7as no ciclo de vida (nascimento de filhos, ninho vazio, etc)<\/li>\n\n\n\n<li>Ci\u00fame e desconfian\u00e7a<\/li>\n\n\n\n<li>Dificuldades de Comunica\u00e7\u00e3o e Discuss\u00f5es<\/li>\n\n\n\n<li>Infidelidade<\/li>\n\n\n\n<li>Rotina e Desgaste<\/li>\n\n\n\n<li>Imigra\u00e7\u00e3o<\/li>\n<\/ul>\n\n\n\n<p><\/p>\n","protected":false},"excerpt":{"rendered":"<p>A Consulta de Terapia de Casal tem como prop\u00f3sito apoiar o casal em&nbsp;momentos de crise&nbsp;ou a ultrapassar problemas e obst\u00e1culos na rela\u00e7\u00e3o. Interv\u00e9m ainda nas necessidades do casal, analisa hip\u00f3teses de reconcilia\u00e7\u00e3o e os&nbsp;facilitadores de restabelecimento da rela\u00e7\u00e3o&nbsp;ou converte-se em terapia do div\u00f3rcio quando o melhor caminho para os elementos do casal seja esse, ajudando&#8230;<\/p>\n<p class=\"more-link\"><a href=\"https:\/\/www.psimarcooliveira.com\/?page_id=220\"><span>Read More<\/span><i>&#43;<\/i><\/a><\/p>\n","protected":false},"author":1,"featured_media":0,"parent":0,"menu_order":0,"comment_status":"closed","ping_status":"closed","template":"","meta":{"_monsterinsights_skip_tracking":false,"_monsterinsights_sitenote_active":false,"_monsterinsights_sitenote_note":"","_monsterinsights_sitenote_category":0,"footnotes":""},"class_list":["post-220","page","type-page","status-publish","hentry"],"yoast_head":"<!-- This site is optimized with the Yoast SEO plugin v27.6 - https:\/\/yoast.com\/product\/yoast-seo-wordpress\/ -->\n<title>Terapia de Casal - Marco Oliveira<\/title>\n<meta name=\"robots\" content=\"index, follow, max-snippet:-1, max-image-preview:large, max-video-preview:-1\" \/>\n<link rel=\"canonical\" href=\"https:\/\/www.psimarcooliveira.com\/?page_id=220\" \/>\n<meta property=\"og:locale\" content=\"pt_BR\" \/>\n<meta property=\"og:type\" content=\"article\" \/>\n<meta property=\"og:title\" content=\"Terapia de Casal - Marco Oliveira\" \/>\n<meta property=\"og:description\" content=\"A Consulta de Terapia de Casal tem como prop\u00f3sito apoiar o casal em&nbsp;momentos de crise&nbsp;ou a ultrapassar problemas e obst\u00e1culos na rela\u00e7\u00e3o. Interv\u00e9m ainda nas necessidades do casal, analisa hip\u00f3teses de reconcilia\u00e7\u00e3o e os&nbsp;facilitadores de restabelecimento da rela\u00e7\u00e3o&nbsp;ou converte-se em terapia do div\u00f3rcio quando o melhor caminho para os elementos do casal seja esse, ajudando&#8230;Read More&#043;\" \/>\n<meta property=\"og:url\" content=\"https:\/\/www.psimarcooliveira.com\/?page_id=220\" \/>\n<meta property=\"og:site_name\" content=\"Marco Oliveira\" \/>\n<meta property=\"article:modified_time\" content=\"2025-06-12T16:51:08+00:00\" \/>\n<meta name=\"twitter:card\" content=\"summary_large_image\" \/>\n<meta name=\"twitter:label1\" content=\"Est. tempo de leitura\" \/>\n\t<meta name=\"twitter:data1\" content=\"2 minutos\" \/>\n<script type=\"application\/ld+json\" class=\"yoast-schema-graph\">{\"@context\":\"https:\\\/\\\/schema.org\",\"@graph\":[{\"@type\":\"WebPage\",\"@id\":\"https:\\\/\\\/www.psimarcooliveira.com\\\/?page_id=220\",\"url\":\"https:\\\/\\\/www.psimarcooliveira.com\\\/?page_id=220\",\"name\":\"Terapia de Casal - Marco Oliveira\",\"isPartOf\":{\"@id\":\"https:\\\/\\\/www.psimarcooliveira.com\\\/#website\"},\"datePublished\":\"2025-06-12T16:51:06+00:00\",\"dateModified\":\"2025-06-12T16:51:08+00:00\",\"breadcrumb\":{\"@id\":\"https:\\\/\\\/www.psimarcooliveira.com\\\/?page_id=220#breadcrumb\"},\"inLanguage\":\"pt-BR\",\"potentialAction\":[{\"@type\":\"ReadAction\",\"target\":[\"https:\\\/\\\/www.psimarcooliveira.com\\\/?page_id=220\"]}]},{\"@type\":\"BreadcrumbList\",\"@id\":\"https:\\\/\\\/www.psimarcooliveira.com\\\/?page_id=220#breadcrumb\",\"itemListElement\":[{\"@type\":\"ListItem\",\"position\":1,\"name\":\"In\u00edcio\",\"item\":\"https:\\\/\\\/www.psimarcooliveira.com\\\/\"},{\"@type\":\"ListItem\",\"position\":2,\"name\":\"Terapia de Casal\"}]},{\"@type\":\"WebSite\",\"@id\":\"https:\\\/\\\/www.psimarcooliveira.com\\\/#website\",\"url\":\"https:\\\/\\\/www.psimarcooliveira.com\\\/\",\"name\":\"Marco Oliveira\",\"description\":\"Psic\u00f3logo Cl\u00ednico\",\"publisher\":{\"@id\":\"https:\\\/\\\/www.psimarcooliveira.com\\\/#organization\"},\"potentialAction\":[{\"@type\":\"SearchAction\",\"target\":{\"@type\":\"EntryPoint\",\"urlTemplate\":\"https:\\\/\\\/www.psimarcooliveira.com\\\/?s={search_term_string}\"},\"query-input\":{\"@type\":\"PropertyValueSpecification\",\"valueRequired\":true,\"valueName\":\"search_term_string\"}}],\"inLanguage\":\"pt-BR\"},{\"@type\":\"Organization\",\"@id\":\"https:\\\/\\\/www.psimarcooliveira.com\\\/#organization\",\"name\":\"Marco Oliveira\",\"url\":\"https:\\\/\\\/www.psimarcooliveira.com\\\/\",\"logo\":{\"@type\":\"ImageObject\",\"inLanguage\":\"pt-BR\",\"@id\":\"https:\\\/\\\/www.psimarcooliveira.com\\\/#\\\/schema\\\/logo\\\/image\\\/\",\"url\":\"https:\\\/\\\/www.psimarcooliveira.com\\\/wp-content\\\/uploads\\\/2024\\\/11\\\/cropped-cropped-Marco-Oliveira-logo-6.png\",\"contentUrl\":\"https:\\\/\\\/www.psimarcooliveira.com\\\/wp-content\\\/uploads\\\/2024\\\/11\\\/cropped-cropped-Marco-Oliveira-logo-6.png\",\"width\":349,\"height\":233,\"caption\":\"Marco Oliveira\"},\"image\":{\"@id\":\"https:\\\/\\\/www.psimarcooliveira.com\\\/#\\\/schema\\\/logo\\\/image\\\/\"}}]}<\/script>\n<!-- \/ Yoast SEO plugin. -->","yoast_head_json":{"title":"Terapia de Casal - Marco Oliveira","robots":{"index":"index","follow":"follow","max-snippet":"max-snippet:-1","max-image-preview":"max-image-preview:large","max-video-preview":"max-video-preview:-1"},"canonical":"https:\/\/www.psimarcooliveira.com\/?page_id=220","og_locale":"pt_BR","og_type":"article","og_title":"Terapia de Casal - Marco Oliveira","og_description":"A Consulta de Terapia de Casal tem como prop\u00f3sito apoiar o casal em&nbsp;momentos de crise&nbsp;ou a ultrapassar problemas e obst\u00e1culos na rela\u00e7\u00e3o. Interv\u00e9m ainda nas necessidades do casal, analisa hip\u00f3teses de reconcilia\u00e7\u00e3o e os&nbsp;facilitadores de restabelecimento da rela\u00e7\u00e3o&nbsp;ou converte-se em terapia do div\u00f3rcio quando o melhor caminho para os elementos do casal seja esse, ajudando&#8230;Read More&#43;","og_url":"https:\/\/www.psimarcooliveira.com\/?page_id=220","og_site_name":"Marco Oliveira","article_modified_time":"2025-06-12T16:51:08+00:00","twitter_card":"summary_large_image","twitter_misc":{"Est. tempo de leitura":"2 minutos"},"schema":{"@context":"https:\/\/schema.org","@graph":[{"@type":"WebPage","@id":"https:\/\/www.psimarcooliveira.com\/?page_id=220","url":"https:\/\/www.psimarcooliveira.com\/?page_id=220","name":"Terapia de Casal - Marco Oliveira","isPartOf":{"@id":"https:\/\/www.psimarcooliveira.com\/#website"},"datePublished":"2025-06-12T16:51:06+00:00","dateModified":"2025-06-12T16:51:08+00:00","breadcrumb":{"@id":"https:\/\/www.psimarcooliveira.com\/?page_id=220#breadcrumb"},"inLanguage":"pt-BR","potentialAction":[{"@type":"ReadAction","target":["https:\/\/www.psimarcooliveira.com\/?page_id=220"]}]},{"@type":"BreadcrumbList","@id":"https:\/\/www.psimarcooliveira.com\/?page_id=220#breadcrumb","itemListElement":[{"@type":"ListItem","position":1,"name":"In\u00edcio","item":"https:\/\/www.psimarcooliveira.com\/"},{"@type":"ListItem","position":2,"name":"Terapia de Casal"}]},{"@type":"WebSite","@id":"https:\/\/www.psimarcooliveira.com\/#website","url":"https:\/\/www.psimarcooliveira.com\/","name":"Marco Oliveira","description":"Psic\u00f3logo Cl\u00ednico","publisher":{"@id":"https:\/\/www.psimarcooliveira.com\/#organization"},"potentialAction":[{"@type":"SearchAction","target":{"@type":"EntryPoint","urlTemplate":"https:\/\/www.psimarcooliveira.com\/?s={search_term_string}"},"query-input":{"@type":"PropertyValueSpecification","valueRequired":true,"valueName":"search_term_string"}}],"inLanguage":"pt-BR"},{"@type":"Organization","@id":"https:\/\/www.psimarcooliveira.com\/#organization","name":"Marco Oliveira","url":"https:\/\/www.psimarcooliveira.com\/","logo":{"@type":"ImageObject","inLanguage":"pt-BR","@id":"https:\/\/www.psimarcooliveira.com\/#\/schema\/logo\/image\/","url":"https:\/\/www.psimarcooliveira.com\/wp-content\/uploads\/2024\/11\/cropped-cropped-Marco-Oliveira-logo-6.png","contentUrl":"https:\/\/www.psimarcooliveira.com\/wp-content\/uploads\/2024\/11\/cropped-cropped-Marco-Oliveira-logo-6.png","width":349,"height":233,"caption":"Marco Oliveira"},"image":{"@id":"https:\/\/www.psimarcooliveira.com\/#\/schema\/logo\/image\/"}}]}},"jetpack_sharing_enabled":true,"jetpack-related-posts":[{"id":274,"url":"https:\/\/www.psimarcooliveira.com\/?page_id=274","url_meta":{"origin":220,"position":0},"title":"Terapia de Casal","author":"Marco Oliveira","date":"16\/06\/2025","format":false,"excerpt":"Reconstrua o Amor e a Harmonia na Rela\u00e7\u00e3o Os relacionamentos amorosos s\u00e3o, sem d\u00favida, uma das fontes mais ricas de alegria e crescimento pessoal, mas tamb\u00e9m podem ser desafiadores. Com o tempo, as exig\u00eancias familiares e profissionais, a rotina e um aparente arrefecimento de sentimentos podem gerar um distanciamento, fazendo\u2026","rel":"","context":"Post similar","block_context":{"text":"Post similar","link":""},"img":{"alt_text":"","src":"https:\/\/i0.wp.com\/www.psimarcooliveira.com\/wp-content\/uploads\/2025\/03\/img_1533-1.jpg?resize=350%2C200&ssl=1","width":350,"height":200},"classes":[]},{"id":55,"url":"https:\/\/www.psimarcooliveira.com\/?page_id=55","url_meta":{"origin":220,"position":1},"title":"Sobre Mim","author":"admin","date":"26\/11\/2024","format":false,"excerpt":"Sou psic\u00f3logo brasileiro em Lisboa licenciado em Psicologia Cl\u00ednica e da Sa\u00fade (Universidade Aut\u00f3noma de Lisboa) na abordagem centrada na pessoa, mestrado em Psicologia Cl\u00ednica e da Sa\u00fade (Universidade Lus\u00f3fona de Lisboa) na abordagem Terapia Cognitivo-Comportamental (TCC), especializa\u00e7\u00e3o em Terapia de Casal e Familiar (CRIAP) na abordagem Sist\u00e9mica, Professional Coach\u2026","rel":"","context":"Post similar","block_context":{"text":"Post similar","link":""},"img":{"alt_text":"","src":"https:\/\/i0.wp.com\/www.psimarcooliveira.com\/wp-content\/uploads\/2025\/06\/MCO.jpg?resize=350%2C200&ssl=1","width":350,"height":200},"classes":[]},{"id":53,"url":"https:\/\/www.psimarcooliveira.com\/?page_id=53","url_meta":{"origin":220,"position":2},"title":"Nossos Servi\u00e7os","author":"admin","date":"26\/11\/2024","format":false,"excerpt":"Adultos Adolescentes Psicologia da Imigra\u00e7\u00e3o Terapia de Casal Familia Coaching","rel":"","context":"Post similar","block_context":{"text":"Post similar","link":""},"img":{"alt_text":"","src":"","width":0,"height":0},"classes":[]},{"id":121,"url":"https:\/\/www.psimarcooliveira.com\/?page_id=121","url_meta":{"origin":220,"position":3},"title":"Terapia do Adolescentes","author":"admin","date":"04\/12\/2024","format":false,"excerpt":"Na terapia para adolescentes, voc\u00ea encontra um espa\u00e7o seguro e acolhedor, longe das press\u00f5es do dia a dia, onde pode falar abertamente sobre o que sente e pensa. Ao mesmo tempo, seus pais podem ficar tranquilos, sabendo que voc\u00ea est\u00e1 recebendo apoio profissional e n\u00e3o est\u00e1 enfrentando os desafios sozinho(a),\u2026","rel":"","context":"Post similar","block_context":{"text":"Post similar","link":""},"img":{"alt_text":"","src":"","width":0,"height":0},"classes":[]},{"id":123,"url":"https:\/\/www.psimarcooliveira.com\/?page_id=123","url_meta":{"origin":220,"position":4},"title":"Psicologia do Adolescente","author":"admin","date":"04\/12\/2024","format":false,"excerpt":"Como funciona a consulta de Psicologia do Adolescente? Primeira Consulta O adolescente pode optar por entrar sozinho na sess\u00e3o, enquanto os pais aguardam e participam apenas no final. Nesta consulta inicial, \u00e9 criada uma conex\u00e3o terap\u00eautica, identificado o problema principal e planeada a avalia\u00e7\u00e3o necess\u00e1ria. Avalia\u00e7\u00e3o A avalia\u00e7\u00e3o aborda o\u2026","rel":"","context":"Post similar","block_context":{"text":"Post similar","link":""},"img":{"alt_text":"","src":"","width":0,"height":0},"classes":[]},{"id":57,"url":"https:\/\/www.psimarcooliveira.com\/?page_id=57","url_meta":{"origin":220,"position":5},"title":"Perguntas frequentes","author":"admin","date":"26\/11\/2024","format":false,"excerpt":"Como marcar uma consulta?\u00a0 A melhor forma de marcar uma consulta \u00e9 preencher o formul\u00e1rio e marcar um primeiro contacto ou pode enviar-me um e-mail (geral@psimarcooliveria.com). Sinta-se \u00e0 vontade para perguntar qualquer quest\u00e3o sobre a minha pr\u00e1tica. Lembre-se que se n\u00e3o obtiver uma resposta clara nesta fase cabe a mim,\u2026","rel":"","context":"Post similar","block_context":{"text":"Post similar","link":""},"img":{"alt_text":"","src":"","width":0,"height":0},"classes":[]}],"_links":{"self":[{"href":"https:\/\/www.psimarcooliveira.com\/index.php?rest_route=\/wp\/v2\/pages\/220","targetHints":{"allow":["GET"]}}],"collection":[{"href":"https:\/\/www.psimarcooliveira.com\/index.php?rest_route=\/wp\/v2\/pages"}],"about":[{"href":"https:\/\/www.psimarcooliveira.com\/index.php?rest_route=\/wp\/v2\/types\/page"}],"author":[{"embeddable":true,"href":"https:\/\/www.psimarcooliveira.com\/index.php?rest_route=\/wp\/v2\/users\/1"}],"replies":[{"embeddable":true,"href":"https:\/\/www.psimarcooliveira.com\/index.php?rest_route=%2Fwp%2Fv2%2Fcomments&post=220"}],"version-history":[{"count":1,"href":"https:\/\/www.psimarcooliveira.com\/index.php?rest_route=\/wp\/v2\/pages\/220\/revisions"}],"predecessor-version":[{"id":221,"href":"https:\/\/www.psimarcooliveira.com\/index.php?rest_route=\/wp\/v2\/pages\/220\/revisions\/221"}],"wp:attachment":[{"href":"https:\/\/www.psimarcooliveira.com\/index.php?rest_route=%2Fwp%2Fv2%2Fmedia&parent=220"}],"curies":[{"name":"wp","href":"https:\/\/api.w.org\/{rel}","templated":true}]}}