{"id":123,"date":"2024-12-04T20:27:25","date_gmt":"2024-12-04T20:27:25","guid":{"rendered":"https:\/\/www.psimarcooliveira.com\/?page_id=123"},"modified":"2025-06-30T15:12:33","modified_gmt":"2025-06-30T15:12:33","slug":"psicologia-do-adolescente-em-lisboa","status":"publish","type":"page","link":"https:\/\/www.psimarcooliveira.com\/?page_id=123","title":{"rendered":"Psicologia do Adolescente"},"content":{"rendered":"\n<h2 class=\"wp-block-heading\">Como funciona a consulta de Psicologia do Adolescente?<\/h2>\n\n\n\n<h2 class=\"wp-block-heading\"><strong>Primeira Consulta<\/strong><\/h2>\n\n\n\n<p class=\"has-medium-font-size\">O adolescente pode optar por entrar sozinho na sess\u00e3o, enquanto os pais aguardam e participam apenas no final. Nesta consulta inicial, \u00e9 criada uma conex\u00e3o terap\u00eautica, identificado o problema principal e planeada a avalia\u00e7\u00e3o necess\u00e1ria.<\/p>\n\n\n\n<h2 class=\"wp-block-heading\"><strong>Avalia\u00e7\u00e3o<\/strong><\/h2>\n\n\n\n<p class=\"has-medium-font-size\">A avalia\u00e7\u00e3o aborda o estado geral do adolescente, incluindo orienta\u00e7\u00e3o vocacional e um &#8220;check-up&#8221; emocional. Al\u00e9m de compreender o funcionamento emocional e psicol\u00f3gico, s\u00e3o analisados racioc\u00ednios (abstrato, verbal, espacial, num\u00e9rico e mec\u00e2nico) e interesses pessoais.<\/p>\n\n\n\n<h2 class=\"wp-block-heading has-medium-font-size\"><strong>Devolu\u00e7\u00e3o do Relat\u00f3rio<\/strong><\/h2>\n\n\n\n<p class=\"has-medium-font-size\">Na sess\u00e3o de devolu\u00e7\u00e3o, um dos pais deve estar presente. Os resultados da avalia\u00e7\u00e3o s\u00e3o apresentados e explicados, um relat\u00f3rio escrito \u00e9 entregue, e decide-se em conjunto se faz sentido iniciar a psicoterapia.<\/p>\n\n\n\n<h2 class=\"wp-block-heading has-medium-font-size\"><strong>In\u00edcio da Terapia<\/strong><\/h2>\n\n\n\n<p class=\"has-medium-font-size\">A psicoterapia come\u00e7a na quarta sess\u00e3o, com foco nas necessidades e objetivos definidos durante a avalia\u00e7\u00e3o.<\/p>\n\n\n\n<h2 class=\"wp-block-heading has-medium-font-size\"><strong>Reavalia\u00e7\u00e3o<\/strong><\/h2>\n\n\n\n<p class=\"has-medium-font-size\">Ap\u00f3s seis meses de terapia, caso haja concord\u00e2ncia entre os pais e o adolescente, realiza-se uma nova avalia\u00e7\u00e3o para medir os progressos e identificar \u00e1reas que ainda possam ser trabalhadas.<\/p>\n\n\n\n<p class=\"has-medium-font-size\">Este processo estruturado garante um acompanhamento cuidadoso e personalizado para ajudar o adolescente a superar os desafios dessa fase da vida.<\/p>\n\n\n\n<h2 class=\"wp-block-heading\">\u00c1reas de Interven\u00e7\u00e3o<\/h2>\n\n\n\n<ul class=\"wp-block-list\">\n<li class=\"has-medium-font-size\">Ansiedade<\/li>\n\n\n\n<li class=\"has-medium-font-size\">Medos e Fobias<\/li>\n\n\n\n<li class=\"has-medium-font-size\">Ataques de P\u00e2nico<\/li>\n\n\n\n<li class=\"has-medium-font-size\">Depress\u00e3o<\/li>\n\n\n\n<li class=\"has-medium-font-size\">Isolamento social<\/li>\n\n\n\n<li class=\"has-medium-font-size\">Dificuldades de aprendizagem<\/li>\n\n\n\n<li class=\"has-medium-font-size\">Luto e Trauma<\/li>\n\n\n\n<li class=\"has-medium-font-size\">Mudan\u00e7as de pa\u00eds<\/li>\n\n\n\n<li class=\"has-medium-font-size\">Perturba\u00e7\u00e3o Obsessivo-Compulsiva (POC)<\/li>\n\n\n\n<li class=\"has-medium-font-size\">Autoestima e Inseguran\u00e7as<\/li>\n\n\n\n<li class=\"has-medium-font-size\">Perturba\u00e7\u00f5es Alimentares: Obesidade, Anorexia, Bulimia<\/li>\n\n\n\n<li class=\"has-medium-font-size\">Rela\u00e7\u00f5es interpessoais<\/li>\n\n\n\n<li class=\"has-medium-font-size\">Hiperatividade e D\u00e9fice de Aten\u00e7\u00e3o<\/li>\n\n\n\n<li class=\"has-medium-font-size\">Perturba\u00e7\u00f5es Som\u00e1ticas<\/li>\n\n\n\n<li class=\"has-medium-font-size\">Enurese e Encoprese<\/li>\n\n\n\n<li class=\"has-medium-font-size\">Perturba\u00e7\u00f5es do Comportamento<\/li>\n\n\n\n<li class=\"has-medium-font-size\">Ins\u00f3nia e Pesadelos<\/li>\n\n\n\n<li class=\"has-medium-font-size\">Descoberta da Sexualidade<\/li>\n\n\n\n<li class=\"has-medium-font-size\">Div\u00f3rcio dos pais<\/li>\n<\/ul>\n","protected":false},"excerpt":{"rendered":"<p>Como funciona a consulta de Psicologia do Adolescente? Primeira Consulta O adolescente pode optar por entrar sozinho na sess\u00e3o, enquanto os pais aguardam e participam apenas no final. Nesta consulta inicial, \u00e9 criada uma conex\u00e3o terap\u00eautica, identificado o problema principal e planeada a avalia\u00e7\u00e3o necess\u00e1ria. Avalia\u00e7\u00e3o A avalia\u00e7\u00e3o aborda o estado geral do adolescente, incluindo&#8230;<\/p>\n<p class=\"more-link\"><a href=\"https:\/\/www.psimarcooliveira.com\/?page_id=123\"><span>Read More<\/span><i>&#43;<\/i><\/a><\/p>\n","protected":false},"author":1,"featured_media":0,"parent":0,"menu_order":0,"comment_status":"closed","ping_status":"closed","template":"","meta":{"_monsterinsights_skip_tracking":false,"_monsterinsights_sitenote_active":false,"_monsterinsights_sitenote_note":"","_monsterinsights_sitenote_category":0,"footnotes":""},"class_list":["post-123","page","type-page","status-publish","hentry"],"yoast_head":"<!-- This site is optimized with the Yoast SEO plugin v27.6 - https:\/\/yoast.com\/product\/yoast-seo-wordpress\/ -->\n<title>Psicologia do Adolescente - Marco Oliveira<\/title>\n<meta name=\"description\" content=\"Psicologia Juvenil: Depress\u00e3o, Desenvolvimento Pessoal, Emo\u00e7\u00f5es, Rela\u00e7\u00f5es. Cuidado na fase da vida dos adolescentes e a sa\u00fade mental\" \/>\n<meta name=\"robots\" content=\"index, follow, max-snippet:-1, max-image-preview:large, max-video-preview:-1\" \/>\n<link rel=\"canonical\" href=\"https:\/\/www.psimarcooliveira.com\/?page_id=123\" \/>\n<meta property=\"og:locale\" content=\"pt_BR\" \/>\n<meta property=\"og:type\" content=\"article\" \/>\n<meta property=\"og:title\" content=\"Psicologia do Adolescente - Marco Oliveira\" \/>\n<meta property=\"og:description\" content=\"Psicologia Juvenil: Depress\u00e3o, Desenvolvimento Pessoal, Emo\u00e7\u00f5es, Rela\u00e7\u00f5es. Cuidado na fase da vida dos adolescentes e a sa\u00fade mental\" \/>\n<meta property=\"og:url\" content=\"https:\/\/www.psimarcooliveira.com\/?page_id=123\" \/>\n<meta property=\"og:site_name\" content=\"Marco Oliveira\" \/>\n<meta property=\"article:modified_time\" content=\"2025-06-30T15:12:33+00:00\" \/>\n<meta name=\"twitter:card\" content=\"summary_large_image\" \/>\n<meta name=\"twitter:label1\" content=\"Est. tempo de leitura\" \/>\n\t<meta name=\"twitter:data1\" content=\"2 minutos\" \/>\n<script type=\"application\/ld+json\" class=\"yoast-schema-graph\">{\"@context\":\"https:\\\/\\\/schema.org\",\"@graph\":[{\"@type\":\"WebPage\",\"@id\":\"https:\\\/\\\/www.psimarcooliveira.com\\\/?page_id=123\",\"url\":\"https:\\\/\\\/www.psimarcooliveira.com\\\/?page_id=123\",\"name\":\"Psicologia do Adolescente - Marco Oliveira\",\"isPartOf\":{\"@id\":\"https:\\\/\\\/www.psimarcooliveira.com\\\/#website\"},\"datePublished\":\"2024-12-04T20:27:25+00:00\",\"dateModified\":\"2025-06-30T15:12:33+00:00\",\"description\":\"Psicologia Juvenil: Depress\u00e3o, Desenvolvimento Pessoal, Emo\u00e7\u00f5es, Rela\u00e7\u00f5es. Cuidado na fase da vida dos adolescentes e a sa\u00fade mental\",\"breadcrumb\":{\"@id\":\"https:\\\/\\\/www.psimarcooliveira.com\\\/?page_id=123#breadcrumb\"},\"inLanguage\":\"pt-BR\",\"potentialAction\":[{\"@type\":\"ReadAction\",\"target\":[\"https:\\\/\\\/www.psimarcooliveira.com\\\/?page_id=123\"]}]},{\"@type\":\"BreadcrumbList\",\"@id\":\"https:\\\/\\\/www.psimarcooliveira.com\\\/?page_id=123#breadcrumb\",\"itemListElement\":[{\"@type\":\"ListItem\",\"position\":1,\"name\":\"In\u00edcio\",\"item\":\"https:\\\/\\\/www.psimarcooliveira.com\\\/\"},{\"@type\":\"ListItem\",\"position\":2,\"name\":\"Psicologia do Adolescente\"}]},{\"@type\":\"WebSite\",\"@id\":\"https:\\\/\\\/www.psimarcooliveira.com\\\/#website\",\"url\":\"https:\\\/\\\/www.psimarcooliveira.com\\\/\",\"name\":\"Marco Oliveira\",\"description\":\"Psic\u00f3logo Cl\u00ednico\",\"publisher\":{\"@id\":\"https:\\\/\\\/www.psimarcooliveira.com\\\/#organization\"},\"potentialAction\":[{\"@type\":\"SearchAction\",\"target\":{\"@type\":\"EntryPoint\",\"urlTemplate\":\"https:\\\/\\\/www.psimarcooliveira.com\\\/?s={search_term_string}\"},\"query-input\":{\"@type\":\"PropertyValueSpecification\",\"valueRequired\":true,\"valueName\":\"search_term_string\"}}],\"inLanguage\":\"pt-BR\"},{\"@type\":\"Organization\",\"@id\":\"https:\\\/\\\/www.psimarcooliveira.com\\\/#organization\",\"name\":\"Marco Oliveira\",\"url\":\"https:\\\/\\\/www.psimarcooliveira.com\\\/\",\"logo\":{\"@type\":\"ImageObject\",\"inLanguage\":\"pt-BR\",\"@id\":\"https:\\\/\\\/www.psimarcooliveira.com\\\/#\\\/schema\\\/logo\\\/image\\\/\",\"url\":\"https:\\\/\\\/www.psimarcooliveira.com\\\/wp-content\\\/uploads\\\/2024\\\/11\\\/cropped-cropped-Marco-Oliveira-logo-6.png\",\"contentUrl\":\"https:\\\/\\\/www.psimarcooliveira.com\\\/wp-content\\\/uploads\\\/2024\\\/11\\\/cropped-cropped-Marco-Oliveira-logo-6.png\",\"width\":349,\"height\":233,\"caption\":\"Marco Oliveira\"},\"image\":{\"@id\":\"https:\\\/\\\/www.psimarcooliveira.com\\\/#\\\/schema\\\/logo\\\/image\\\/\"}}]}<\/script>\n<!-- \/ Yoast SEO plugin. -->","yoast_head_json":{"title":"Psicologia do Adolescente - Marco Oliveira","description":"Psicologia Juvenil: Depress\u00e3o, Desenvolvimento Pessoal, Emo\u00e7\u00f5es, Rela\u00e7\u00f5es. Cuidado na fase da vida dos adolescentes e a sa\u00fade mental","robots":{"index":"index","follow":"follow","max-snippet":"max-snippet:-1","max-image-preview":"max-image-preview:large","max-video-preview":"max-video-preview:-1"},"canonical":"https:\/\/www.psimarcooliveira.com\/?page_id=123","og_locale":"pt_BR","og_type":"article","og_title":"Psicologia do Adolescente - Marco Oliveira","og_description":"Psicologia Juvenil: Depress\u00e3o, Desenvolvimento Pessoal, Emo\u00e7\u00f5es, Rela\u00e7\u00f5es. Cuidado na fase da vida dos adolescentes e a sa\u00fade mental","og_url":"https:\/\/www.psimarcooliveira.com\/?page_id=123","og_site_name":"Marco Oliveira","article_modified_time":"2025-06-30T15:12:33+00:00","twitter_card":"summary_large_image","twitter_misc":{"Est. tempo de leitura":"2 minutos"},"schema":{"@context":"https:\/\/schema.org","@graph":[{"@type":"WebPage","@id":"https:\/\/www.psimarcooliveira.com\/?page_id=123","url":"https:\/\/www.psimarcooliveira.com\/?page_id=123","name":"Psicologia do Adolescente - Marco Oliveira","isPartOf":{"@id":"https:\/\/www.psimarcooliveira.com\/#website"},"datePublished":"2024-12-04T20:27:25+00:00","dateModified":"2025-06-30T15:12:33+00:00","description":"Psicologia Juvenil: Depress\u00e3o, Desenvolvimento Pessoal, Emo\u00e7\u00f5es, Rela\u00e7\u00f5es. Cuidado na fase da vida dos adolescentes e a sa\u00fade mental","breadcrumb":{"@id":"https:\/\/www.psimarcooliveira.com\/?page_id=123#breadcrumb"},"inLanguage":"pt-BR","potentialAction":[{"@type":"ReadAction","target":["https:\/\/www.psimarcooliveira.com\/?page_id=123"]}]},{"@type":"BreadcrumbList","@id":"https:\/\/www.psimarcooliveira.com\/?page_id=123#breadcrumb","itemListElement":[{"@type":"ListItem","position":1,"name":"In\u00edcio","item":"https:\/\/www.psimarcooliveira.com\/"},{"@type":"ListItem","position":2,"name":"Psicologia do Adolescente"}]},{"@type":"WebSite","@id":"https:\/\/www.psimarcooliveira.com\/#website","url":"https:\/\/www.psimarcooliveira.com\/","name":"Marco Oliveira","description":"Psic\u00f3logo Cl\u00ednico","publisher":{"@id":"https:\/\/www.psimarcooliveira.com\/#organization"},"potentialAction":[{"@type":"SearchAction","target":{"@type":"EntryPoint","urlTemplate":"https:\/\/www.psimarcooliveira.com\/?s={search_term_string}"},"query-input":{"@type":"PropertyValueSpecification","valueRequired":true,"valueName":"search_term_string"}}],"inLanguage":"pt-BR"},{"@type":"Organization","@id":"https:\/\/www.psimarcooliveira.com\/#organization","name":"Marco Oliveira","url":"https:\/\/www.psimarcooliveira.com\/","logo":{"@type":"ImageObject","inLanguage":"pt-BR","@id":"https:\/\/www.psimarcooliveira.com\/#\/schema\/logo\/image\/","url":"https:\/\/www.psimarcooliveira.com\/wp-content\/uploads\/2024\/11\/cropped-cropped-Marco-Oliveira-logo-6.png","contentUrl":"https:\/\/www.psimarcooliveira.com\/wp-content\/uploads\/2024\/11\/cropped-cropped-Marco-Oliveira-logo-6.png","width":349,"height":233,"caption":"Marco Oliveira"},"image":{"@id":"https:\/\/www.psimarcooliveira.com\/#\/schema\/logo\/image\/"}}]}},"jetpack_sharing_enabled":true,"jetpack-related-posts":[{"id":121,"url":"https:\/\/www.psimarcooliveira.com\/?page_id=121","url_meta":{"origin":123,"position":0},"title":"Terapia do Adolescentes","author":"admin","date":"04\/12\/2024","format":false,"excerpt":"Na terapia para adolescentes, voc\u00ea encontra um espa\u00e7o seguro e acolhedor, longe das press\u00f5es do dia a dia, onde pode falar abertamente sobre o que sente e pensa. Ao mesmo tempo, seus pais podem ficar tranquilos, sabendo que voc\u00ea est\u00e1 recebendo apoio profissional e n\u00e3o est\u00e1 enfrentando os desafios sozinho(a),\u2026","rel":"","context":"Post similar","block_context":{"text":"Post similar","link":""},"img":{"alt_text":"","src":"","width":0,"height":0},"classes":[]},{"id":53,"url":"https:\/\/www.psimarcooliveira.com\/?page_id=53","url_meta":{"origin":123,"position":1},"title":"Nossos Servi\u00e7os","author":"admin","date":"26\/11\/2024","format":false,"excerpt":"Adultos Adolescentes Psicologia da Imigra\u00e7\u00e3o Terapia de Casal Familia Coaching","rel":"","context":"Post similar","block_context":{"text":"Post similar","link":""},"img":{"alt_text":"","src":"","width":0,"height":0},"classes":[]},{"id":157,"url":"https:\/\/www.psimarcooliveira.com\/?page_id=157","url_meta":{"origin":123,"position":2},"title":"Psicologia da Imigra\u00e7\u00e3o","author":"Marco Oliveira","date":"28\/02\/2025","format":false,"excerpt":"Imigra\u00e7\u00e3o e sa\u00fade mental: como identificar e agir Viver fora do pa\u00eds de origem pode ser um sonho \u2014 mas tamb\u00e9m traz desafios emocionais. A sa\u00fade mental na imigra\u00e7\u00e3o \u00e9 um tema cada vez mais falado, e por boas raz\u00f5es. O afastamento da fam\u00edlia, as mudan\u00e7as culturais e a sensa\u00e7\u00e3o\u2026","rel":"","context":"Post similar","block_context":{"text":"Post similar","link":""},"img":{"alt_text":"","src":"","width":0,"height":0},"classes":[]},{"id":274,"url":"https:\/\/www.psimarcooliveira.com\/?page_id=274","url_meta":{"origin":123,"position":3},"title":"Terapia de Casal","author":"Marco Oliveira","date":"16\/06\/2025","format":false,"excerpt":"Reconstrua o Amor e a Harmonia na Rela\u00e7\u00e3o Os relacionamentos amorosos s\u00e3o, sem d\u00favida, uma das fontes mais ricas de alegria e crescimento pessoal, mas tamb\u00e9m podem ser desafiadores. Com o tempo, as exig\u00eancias familiares e profissionais, a rotina e um aparente arrefecimento de sentimentos podem gerar um distanciamento, fazendo\u2026","rel":"","context":"Post similar","block_context":{"text":"Post similar","link":""},"img":{"alt_text":"","src":"https:\/\/i0.wp.com\/www.psimarcooliveira.com\/wp-content\/uploads\/2025\/03\/img_1533-1.jpg?resize=350%2C200&ssl=1","width":350,"height":200},"classes":[]},{"id":55,"url":"https:\/\/www.psimarcooliveira.com\/?page_id=55","url_meta":{"origin":123,"position":4},"title":"Sobre Mim","author":"admin","date":"26\/11\/2024","format":false,"excerpt":"Sou psic\u00f3logo brasileiro em Lisboa licenciado em Psicologia Cl\u00ednica e da Sa\u00fade (Universidade Aut\u00f3noma de Lisboa) na abordagem centrada na pessoa, mestrado em Psicologia Cl\u00ednica e da Sa\u00fade (Universidade Lus\u00f3fona de Lisboa) na abordagem Terapia Cognitivo-Comportamental (TCC), especializa\u00e7\u00e3o em Terapia de Casal e Familiar (CRIAP) na abordagem Sist\u00e9mica, Professional Coach\u2026","rel":"","context":"Post similar","block_context":{"text":"Post similar","link":""},"img":{"alt_text":"","src":"https:\/\/i0.wp.com\/www.psimarcooliveira.com\/wp-content\/uploads\/2025\/06\/MCO.jpg?resize=350%2C200&ssl=1","width":350,"height":200},"classes":[]},{"id":5,"url":"https:\/\/www.psimarcooliveira.com\/","url_meta":{"origin":123,"position":5},"title":"Home","author":"admin","date":"22\/11\/2024","format":false,"excerpt":"MARCO OLIVEIRA - Psicologia Cl\u00ednica COMO POSSO AJUDAR Descubra a mudan\u00e7a que voc\u00ea procura Nem sempre \u00e9 f\u00e1cil entender como chegamos ao momento em que estamos. Os desafios que enfrentamos, seja na vida pessoal, profissional ou nos relacionamentos, muitas vezes parecem mais claros nos seus efeitos do que nas suas\u2026","rel":"","context":"Post similar","block_context":{"text":"Post similar","link":""},"img":{"alt_text":"","src":"","width":0,"height":0},"classes":[]}],"_links":{"self":[{"href":"https:\/\/www.psimarcooliveira.com\/index.php?rest_route=\/wp\/v2\/pages\/123","targetHints":{"allow":["GET"]}}],"collection":[{"href":"https:\/\/www.psimarcooliveira.com\/index.php?rest_route=\/wp\/v2\/pages"}],"about":[{"href":"https:\/\/www.psimarcooliveira.com\/index.php?rest_route=\/wp\/v2\/types\/page"}],"author":[{"embeddable":true,"href":"https:\/\/www.psimarcooliveira.com\/index.php?rest_route=\/wp\/v2\/users\/1"}],"replies":[{"embeddable":true,"href":"https:\/\/www.psimarcooliveira.com\/index.php?rest_route=%2Fwp%2Fv2%2Fcomments&post=123"}],"version-history":[{"count":4,"href":"https:\/\/www.psimarcooliveira.com\/index.php?rest_route=\/wp\/v2\/pages\/123\/revisions"}],"predecessor-version":[{"id":342,"href":"https:\/\/www.psimarcooliveira.com\/index.php?rest_route=\/wp\/v2\/pages\/123\/revisions\/342"}],"wp:attachment":[{"href":"https:\/\/www.psimarcooliveira.com\/index.php?rest_route=%2Fwp%2Fv2%2Fmedia&parent=123"}],"curies":[{"name":"wp","href":"https:\/\/api.w.org\/{rel}","templated":true}]}}